be z(8). Let j = 4 - i. Suppose -j*u + u + 87 = 0. List the prime factors of u.
29
Let g(x) = -49*x - 116. What are the prime factors of g(-9)?
5, 13
Suppose 0 = -2*p - 3*d + 4 + 14, 2*p + 2*d = 14. Suppose 2*v + 3*k - 220 = 0, p*v - 302 = k + 50. List the prime factors of v.
2, 29
Let u(o) = 49*o**2 + 2*o + 4. Let g be u(-2). Let l = -89 + g. List the prime factors of l.
107
Suppose -4*z + 16 = a, -2*z + 9*a + 30 = 4*a. List the prime factors of 30*((-8)/z)/(-2).
2, 3
Let u be ((-3)/(-9))/(4/516). Suppose -3 + u = 5*s. List the prime factors of s - -1*(2 + -4).
2, 3
Let u = -129 + 126. What are the prime factors of (6 - u - -1)*(-1008)/(-35)?
2, 3
Suppose 0 = -s + 2*s + 3*o - 119, 0 = 3*s + o - 333. Let v(z) = z**2 - 7*z + 6. Let l be v(7). Suppose x + s = l*x. List the prime factors of x.
2, 11
Suppose z - 2*t + 8 = 0, -t + 0*t = -5. Suppose w = -z, 2*b - 4*w = -9*w. Suppose -b*q + 26 = -14. What are the prime factors of q?
2
Let b(w) = 2*w**2 + 7*w**2 + 5 + 2*w - w**3 + 3. Let r be b(9). Suppose 11 = -5*v + r. What are the prime factors of v?
3
Let t = 79 + -4. Suppose 4*k - 45 = t. Suppose k - 9 = u. List the prime factors of u.
3, 7
Let c(q) = 26*q**2 + 5*q + 6. List the prime factors of c(-2).
2, 5
Suppose 0 = -3*n + 3*g + 30, 0 = 2*n + 3*g - 10. Suppose -n*y - 8 = -56. What are the prime factors of y?
2, 3
Let l = -6 - -12. Let c = l + -3. Suppose -c*m - 3*i = 2 - 59, 0 = m + 5*i + 1. List the prime factors of m.
2, 3
Let s(r) be the third derivative of -r**4/24 - r**3 - 4*r**2. Let h be s(-4). Let w(c) = -4*c**3 - 3*c**2 + 2. What are the prime factors of w(h)?
2, 11
Let d = 62 - 54. Suppose 2*s + d = c + 3*s, -4*c + 42 = -s. What are the prime factors of c?
2, 5
Let z(j) = -j**3 - j**2 + 4*j + 11. Let i(g) = -g**2 - 13*g + 9. Let r be i(-14). What are the prime factors of z(r)?
7, 13
Let c(x) = -x**3 + 9*x**2 - 11*x - 4. Let f be c(8). Let q = f + 177. List the prime factors of q.
149
Suppose -13 - 87 = -5*k + 4*t, -2*k - 4*t + 40 = 0. List the prime factors of k.
2, 5
What are the prime factors of (3 + -1 - -2722) + -6?
2, 3, 151
Let m(n) = -127*n**3 - 2*n**2 - 3*n. Let v be m(-1). Suppose 4*i - v = -3*g + 7*g, -5*g = 0. What are the prime factors of i?
2
Suppose 7*s + 2*s = 423. List the prime factors of s.
47
Suppose -18876 + 2576 = -5*a. What are the prime factors of a?
2, 5, 163
What are the prime factors of (21 - 17) + 2 + 716?
2, 19
Let p = 6 - 3. Suppose 0 = u + p, -7*g + 2*g - 5*u = 0. What are the prime factors of g/9*-3*-13?
13
Let r = 3 + 5. Let k = 0 - r. Let h(v) = v**3 + 8*v**2 - 2*v + 8. What are the prime factors of h(k)?
2, 3
Let n(k) = 5*k**2 + 16*k - 1. Let t(j) = 2*j**2 + 8*j - 1. Let w(d) = 4*n(d) - 9*t(d). Let g be w(5). What are the prime factors of (-1 - -3 - g)/(-1)?
13
Let l = 5394 + -3509. List the prime factors of l.
5, 13, 29
Let t = 2 + -6. Let q(d) = -2*d**2 - 12*d. Let m(c) = -c. Let x(b) = 12*m(b) - q(b). List the prime factors of x(t).
2
Let d(x) = 10*x - 15. Let s(b) = -b. Let m be s(-11). List the prime factors of d(m).
5, 19
Let g(c) = 28*c**2 + 10*c - 10. Let j be g(1). Suppose h - 8 = 2. Suppose 0 = 9*y - h*y + j. What are the prime factors of y?
2, 7
Suppose 2*j + j = 9. Suppose -k - j*k = -188. What are the prime factors of k?
47
Let j = 248 + -104. List the prime factors of j.
2, 3
Let d be (-46)/(-8) - (-57)/(-76). Suppose -5*z + 10 = -10. Suppose z - 119 = -d*s. List the prime factors of s.
23
Suppose 4*s - 6*s - 42 = 5*q, 5*s = 5*q - 105. Let t = s + 21. Suppose t*c = -2*c + 36. What are the prime factors of c?
2, 3
Let u(t) = t**3 + 12*t**2 + 11*t - 4. Let l be u(-8). Suppose -l = -5*x - 4*g, 3*x - 133 = -x - 5*g. List the prime factors of x.
2
Let j = 14 - 14. Suppose j*w - 4*w = -20. Suppose 3*p - 2*n - 96 = -w*n, 0 = -2*n. What are the prime factors of p?
2
Let g(m) = -m + 18. Let u(d) = d - 17. Let s(k) = 3*g(k) + 4*u(k). Let j be s(10). What are the prime factors of j + (-3 - (-61 + -1))?
5, 11
List the prime factors of (7 + (-19)/4)*600.
2, 3, 5
Let v(f) be the second derivative of 3*f**3/2 + 3*f**2/2 + 16*f. List the prime factors of v(7).
2, 3, 11
Let l(n) = -10 - n**3 - 5*n**2 - n**3 + 8*n + n**3 + 2*n**3. Let i be l(4). Let t(s) = s**2. List the prime factors of t(i).
2, 3
Suppose 63 = 2*s - 165. Suppose 0*x - 3*x = s. Let h = -14 - x. List the prime factors of h.
2, 3
Let t(f) = 2*f**3 + 8*f**2 + 14*f - 193. What are the prime factors of t(9)?
2039
Let r(y) = y + 3. Let i be r(2). Suppose 4*u - 20 = -2*o, -20 = u - i*u + 2*o. Suppose 0 = -7*a + 2*a + 4*h + 28, 5*a = u*h + 30. List the prime factors of a.
2
Suppose -4*r + 14 = -10. Let z = 8 - r. Suppose 7*p - z*p - 200 = 0. List the prime factors of p.
2, 5
Let b(c) = c**3 + 3*c**2 + 11*c + 2491. What are the prime factors of b(0)?
47, 53
Suppose -3*p + 0*g = g - 4, 3*p + 4*g + 11 = 0. Suppose 45 = -p*c - 5*d, 0 = -4*c + 2*d - 16 - 70. Let r = 36 + c. List the prime factors of r.
2
Let q be ((-3 - 0) + 0)*-1. Suppose 0 = -5*l + 4*l - 279. What are the prime factors of l/(-6) - q/(-6)?
47
Let j(c) = -c**3 + 7*c**2 - c + 17. Let y be j(7). Let z(a) = 3*a - 11. What are the prime factors of z(y)?
19
Let g be 20*1 - (0 + 0). Let y = g - 15. Suppose 15 = y*j - 170. List the prime factors of j.
37
Suppose 3*p + 3*p = -12. What are the prime factors of (p/9 - (-890)/36)*2?
7
Let f(r) be the second derivative of -r**5/20 + 3*r**4/4 - r**3 + 2*r**2 + 4*r. Let a be f(8). Let z = a + 7. List the prime factors of z.
3
Let r(n) = 10*n**2 + 60*n + 257. What are the prime factors of r(-5)?
3, 23
Suppose 5*z - 17 = g, 4*g + 6 = 6*g. Suppose 0 = -i - 4*h + z, 4*h = 4*i - h - 121. List the prime factors of i.
2, 3
Let k(w) = 2*w - 9. Let x be k(6). What are the prime factors of 63 - (x + -3)/2?
3, 7
Let n(q) = -5*q**2 - 3 + 4 + 2*q**2 + 2*q**3 - q**3. Let m be n(-4). Let w = -60 - m. List the prime factors of w.
3, 17
Let j = -19 + 19. Let s(o) = o**3 + 43. Let c be s(j). Let a = 82 - c. List the prime factors of a.
3, 13
Suppose 2*c + 263 - 2043 = l, 4*c - 3560 = -4*l. What are the prime factors of c?
2, 5, 89
Suppose 15 = 4*y - 1. Suppose 4*p = 3*j - 172, 0 = -y*j + 5*p - 19 + 249. What are the prime factors of j?
2, 3, 5
Suppose -2005 = -q + 815. List the prime factors of q.
2, 3, 5, 47
Let q = -106 + 106. Suppose q = -k + 12*k - 572. What are the prime factors of k?
2, 13
Let c = 13 + -11. Suppose -3*q + 260 = 4*y, c*q = -2*y - 2*q + 120. List the prime factors of y.
2, 17
Let o(w) = 9*w**2 + 6*w - 21. What are the prime factors of o(-8)?
3, 13
Let w(v) be the third derivative of 7*v**5/60 - v**4/24 + v**3/6 + v**2. Suppose 47 - 46 = m. List the prime factors of w(m).
7
Let s(p) = 5*p**3 + 11*p**2 + 20*p + 12. Let w(g) = -6*g**3 - 11*g**2 - 21*g - 13. Let x(l) = 5*s(l) + 4*w(l). List the prime factors of x(-6).
2, 23
List the prime factors of (9/(-6))/(((-60)/(-5944))/(-5)).
743
Suppose -6 = -3*r - 27. Let a(q) = q**3 + 11*q**2 + 16*q + 13. List the prime factors of a(r).
97
Let u(j) = -j**2 + j + 0*j**2 - 5 - 9*j. Suppose -4*b = -0*b + p + 21, 2*b = -2*p - 12. What are the prime factors of u(b)?
2, 5
Suppose 0 = 2*p - 5*i + 15, -3*p + p + 4*i - 10 = 0. Suppose 0 = 2*d + 4*z - 274, 77 = -4*d + p*z + 625. What are the prime factors of d?
137
Suppose y - 4298 = -4*w - 54, 0 = -2*w - 10. What are the prime factors of y?
2, 13, 41
Let v be 1 - ((4 + -4 - 97) + 2). Suppose -54*r + v = -48*r. What are the prime factors of r?
2
Suppose -s - 1387 = -3*k + 875, -3*k + 4*s + 2271 = 0. Suppose 5*z - k = -148. What are the prime factors of z?
11
Let g(x) = -9*x**2 + 4*x + 3. Let r(f) = -26*f**2 + 11*f + 8. Let i(k) = 8*g(k) - 3*r(k). Let w = -256 + 257. List the prime factors of i(w).
5
Let t(n) = -17*n - 44. What are the prime factors of t(-6)?
2, 29
List the prime factors of 360 - (-7 + 5) - (3 + 3).
2, 89
Let g be -3 - (-2 + -4 + 3). Let j = -23 - -50. Suppose -3*p + j = -g*p. What are the prime factors of p?
3
Let b(z) = -18*z - 3. What are the prime factors of b(-8)?
3, 47
Suppose -6 = -3*f - 3*p, p + 2 = -0*p. Suppose -f*b - 42 = -6*b. List the prime factors of b.
3, 7
Suppose 8 = -4*c - 8. Let u(w) = -w**2 - 7*w + 10. Let i be u(-7). Let p = i - c. List the prime factors of p.
2, 7
Let f = -557 + 1132. What are the prime factors of f?
5, 23
